
0
Let s(h) = -31*h - 12. Calculate the remainder when s(-4) is divided by 38.
36
Let k(p) = 8*p + 5. Calculate the remainder when k(4) is divided by 3/(2 + (-85)/50).
7
Let h = -1 - -1. Let x(l) = l**2 - l + 15. Let z be x(h). Calculate the remainder when 22 is divided by (0 - (-12)/z)*15.
10
Let o be 4/((-16)/12) + 11. Suppose t = 2*d + 4, -2*t + o = d + 2*d. What is the remainder when 10 is divided by t?
2
Let c(z) = 5*z - 72. Calculate the remainder when 35 is divided by c(17).
9
Let s be (-4)/(-14) - (-116)/(-14). Let d(b) = 1 - b + 0*b + 0*b. Calculate the remainder when 17 is divided by d(s).
8
Suppose 2*z - 2 = -2*j, 3*j = 5*z - 6 - 15. Calculate the remainder when ((-48)/(-108))/(3/27) is divided by z.
1
Suppose -5*k + 191 - 6 = 0. Let n(y) = -y**3 + 4*y**2 + 6*y + 5. What is the remainder when k is divided by n(5)?
7
Let t = 35 + -112. Suppose -3*b - 201 = -75. Let w = b - t. Calculate the remainder when w is divided by 12.
11
Let k(s) = -s**3 - 10*s**2 - s - 2. Calculate the remainder when (-50)/(-2) - (6 - 3) is divided by k(-10).
6
Let b(i) be the first derivative of i**4/4 - 2*i**3/3 + i**2 - i + 2. What is the remainder when 26 is divided by b(3)?
12
Let p = 37 + -17. Let b = 1 - 1. Suppose b = 3*y - 30 + 9. What is the remainder when p is divided by y?
6
Suppose m = -m + 94. Calculate the remainder when 184 is divided by m.
43
Let r(z) = -11*z - 2. What is the remainder when 36 is divided by r(-2)?
16
Let z(p) = 3*p**3 + 2*p**2 - 3*p + 2. What is the remainder when 109 is divided by z(2)?
25
Suppose 0 = 5*c - 6 - 14. What is the remainder when 1/(0 - -1)*6 is divided by c?
2
Let g = -18 - -32. Let x be 24/(-8) + -2 + 2. Let o = x + g. Calculate the remainder when o is divided by 4.
3
Suppose 2*t - 22 = -2*v, -2*t + 16 = 5*v - 0. What is the remainder when 42 is divided by t?
3
Let w(h) = -10*h - 2. Suppose -4*a = -4 - 4. Suppose -4*k + k = t - 26, 40 = a*k - 5*t. What is the remainder when w(-4) is divided by k?
8
Suppose 0 = s + s - 4*p - 2, -9 = -3*s + 3*p. Suppose i + 119 = 4*r, 3*r - r - 37 = s*i. What is the remainder when r is divided by 16?
15
Let m(a) = 2*a**2 - 2*a - 4. Let t be m(3). Suppose -y = -4*z + t, 0 = -5*y + 2*y + z + 9. Calculate the remainder when 5 is divided by y.
1
Let c = -10 + 325. Suppose -5*q + 70 = -c. What is the remainder when q is divided by 20?
17
Let u be ((-12)/7)/(8/(-308)). Let o = -47 + u. Suppose 0 = -h + 2 + 3. What is the remainder when o is divided by h?
4
Suppose -2*w = -5*h + 70, 2*h + 2*w - 22 = 6. Let t = -2 - -34. Calculate the remainder when h is divided by ((-2)/(-2))/(4/t).
6
Let v be 150/(-24) + (-1)/(-4). What is the remainder when 44 is divided by (45/v)/(3/(-6))?
14
Let l = -5 + 20. Let o(q) = 5*q + 3*q - q**2 - 2 + 0*q**2 + 11. Calculate the remainder when l is divided by o(8).
6
Let w(y) = 2*y**2 + 6*y - 5. What is the remainder when 43 is divided by w(-5)?
13
Let m be (-8)/(-10)*(-60)/8. Let b = 10 + m. Suppose 4*i + 4*v - 3*v - 5 = 0, 3*i - 18 = 4*v. Calculate the remainder when b is divided by i.
0
Let c = -6 - -11. Let z(i) = 10*i - 1. What is the remainder when z(c) is divided by (-51)/2*12/(-18)?
15
Let x(y) = -2*y**3 - 24*y**2 - 2*y + 14. What is the remainder when x(-12) is divided by 7?
3
Suppose -37 - 5 = -3*a. What is the remainder when 53 is divided by a?
11
Let j(f) = -f**2 - 15*f + 1. What is the remainder when 57 is divided by j(-14)?
12
Suppose 2*q - 25 = -113. Let a = -13 - q. What is the remainder when ((-1)/(-1) - 1) + a is divided by 8?
7
Suppose 0 = -r + 3*c + 45, -3*r + 43 = -2*r - c. Suppose 2*q - 54 = -5*y, -5*q + 2*y + 106 = -0*q. Calculate the remainder when r is divided by q.
20
Let p(h) = -h**3 + 5*h**2 + 15*h - 5. Let c(s) = -5*s**2 + s + 1. Let j be c(-1). Let i(d) = d + 7. What is the remainder when p(7) is divided by i(j)?
0
Suppose -2 = 2*p - 4*s + 28, -2*p - 4*s - 6 = 0. Let w = -5 - p. Suppose 0 = -3*z + 8 + 25. Calculate the remainder when z is divided by w.
3
Suppose -o = 4*k - 53, -105 = -5*o - 4*k + 160. Suppose 0*l - 72 = -2*l. Let r = o - l. What is the remainder when r is divided by 9?
8
Suppose 3*o - 4*o = -12. Calculate the remainder when 33 is divided by o.
9
Let i = 85 - 68. What is the remainder when 82 is divided by i?
14
Calculate the remainder when (-4 - -2) + 0 + (38 - -1) is divided by 20.
17
Let p be 6 - 3 - 1 - -1. Suppose 3*m + 5 = p*f - 2*m, -4*m = -f - 3. Calculate the remainder when f is divided by 4.
1
Suppose h + 2*h = 54. Let i = 25 - h. What is the remainder when 18 is divided by i?
4
Let h be 1/((-1 + 0)*1). Let v = 5 + 4. Let p = h + v. What is the remainder when p is divided by 3?
2
Suppose 16*b = 12*b + 180. What is the remainder when b is divided by 12?
9
Let w = 11 + -11. Suppose -h - h + 68 = w. What is the remainder when h is divided by 12?
10
Let s(d) = -d**2 - d + d**2 + d**2. Let i be s(1). Suppose -3*l - 5*x + 18 = 0, 5*l = -i*l - 5*x + 40. Calculate the remainder when 21 is divided by l.
10
Calculate the remainder when 35 is divided by (-228)/(-8)*(-2 - (-24)/9).
16
Let b(i) = -3*i - 15. Calculate the remainder when b(-26) is divided by 22.
19
Let w(n) = -3 - 8 + 4 - 3*n. Let v = -2 + -3. Calculate the remainder when w(v) is divided by 3.
2
Suppose -40 = -4*i + 4*b, 0 = -3*b - b - 12. Calculate the remainder when i is divided by 2 + 1 + 0 + 1.
3
Let q = 57 + 7. Suppose 5*w - 74 = -3*b, 4*b + 37 = 4*w - b. Calculate the remainder when q is divided by w.
12
Suppose -1 = 2*i + 9. Let x(k) = k**3 + 6*k**2 + 7. Let b be x(i). Suppose 0 = -3*s + b + 70. What is the remainder when s is divided by 12?
10
Suppose -6*u + 2*u + 484 = 0. What is the remainder when u is divided by 31?
28
What is the remainder when (-3 - 111/6)*-6 is divided by 33?
30
Suppose -4*q - 4*k - 42 = -6*q, -3*k = q - 31. Calculate the remainder when 36 is divided by q.
11
Suppose -2 = 5*w - 12. Suppose -w*t - t = -30. Calculate the remainder when 28 is divided by t.
8
Suppose n = 61 + 7. Calculate the remainder when n is divided by 23.
22
Let z(o) = 4*o**2 - 4*o + 3. Let s = -17 - -31. Calculate the remainder when z(3) is divided by (-6)/s + (-52)/(-7).
6
Suppose -f - 5 + 1 = -2*n, 0 = -3*n + 2*f + 6. Calculate the remainder when 7/1 - (1 + 1) is divided by n.
1
Suppose -5*u + 92 = -u. Suppose 0 = -3*a + 4*a - 8. Let q = a + 0. Calculate the remainder when u is divided by q.
7
Let u = -16 - -6. What is the remainder when (-3)/((-30)/14 + 2) is divided by (-106)/u + (-10)/(-25)?
10
Suppose 17*b = 20*b - 27. Calculate the remainder when b is divided by 8.
1
Let t(a) = -a - 5. Let p be t(-7). Let l be (0/p + -1)*6. Calculate the remainder when 18 is divided by (14/l)/(2/(-6)).
4
Let p(c) = -c**2 - 3*c. What is the remainder when p(-2) is divided by 2?
0
Let x = 32 - -8. Let t(h) = -h**2 - 14*h - 2. Let v be t(-11). Suppose 0 = 2*z + 3*b - v, 4*z + 12 - 73 = -5*b. Calculate the remainder when x is divided by z.
12
Suppose 4*x - 8 = -0*x. Suppose 0 = 3*w + 5*h + 6, -3 - 6 = -w + x*h. What is the remainder when 4 is divided by w?
1
Let h = 112 - -13. Let t be (-1 + 166/(-8))*-4. Let m = h - t. Calculate the remainder when m is divided by 20.
18
Let r be -1 + (0 - (-15 + 2)). Let n = r + -7. Suppose 2*d = -d + 6. Calculate the remainder when n is divided by d.
1
Let f = -16 - -25. What is the remainder when -1 - (-3*f + 2) is divided by 13?
11
Let g(p) = p**3 + 4*p**2 + p - 3. Calculate the remainder when 1/(-1 + 0)*-5 is divided by g(-3).
2
Suppose 0 = -4*u + 1 + 7. Suppose -6*z = -u*z - 64. What is the remainder when 31 is divided by z?
15
Let r be 2 - 2/(-5 + 3). Suppose -r*g - 6 + 45 = 0. Let o = g + 9. What is the remainder when o is divided by 12?
10
Let s(k) = k**2 - 5*k - 8. Suppose 4*t = -t + 35. Let q be s(t). Let r = q - -8. What is the remainder when 41 is divided by r?
13
Suppose x + 4 = a, -a + 4*x = -x + 16. Let r(v) = v**2 - 3*v - 2. What is the remainder when r(-3) is divided by a?
7
Let c = 50 - 17. Let d = 29 - 16. Calculate the remainder when d is divided by (-4 - c/(-9))*-12.
1
Let l = 30 - 28. What is the remainder when 6 is divided by l?
0
Let f(z) = -4*z - 2. Let t(y) = y - 7 - 6 + 12 + y**2. What is the remainder when t(4) is divided by f(-3)?
9
Let h = 5 + 3. Calculate the remainder when 53 is divided by h.
5
Wha